ird derivative of 5*u**4/24 + 13*u**3/3 + 312*u**2. Determine s(-7).
-9
Let l(b) be the first derivative of -b**3/3 + 17*b**2/2 + 20*b + 2182. Calculate l(19).
-18
Let s(g) = -26*g + 33. Let l(u) = -46*u + 64. Let f(v) = 4*l(v) - 7*s(v). Calculate f(18).
-11
Suppose 0 = -2*m - 3*v - 32, 2*v = m + 58 - 42. Let f(d) = -3*d**2 - 49*d - 27. Give f(m).
-11
Let j(w) = -257*w**2 + 32*w + w**3 - 5 - 5*w + 247*w**2. Give j(4).
7
Let y(n) be the second derivative of -n**3/2 + 73*n**2/2 + 15*n - 18. What is y(0)?
73
Suppose 4*f - 5*l = 668 + 180, 8 = -2*l. Let b(z) = -z - 206*z**3 + 5*z + f*z**3 + 3*z**2 + 2. Calculate b(-2).
-2
Let r = -25 - -15. Let g be 4/r + 38/(-5). Let c(b) = -13397 + 2*b**3 + 9*b + 6*b**2 - 13*b**2 + 13404 - 3*b**3. Calculate c(g).
-1
Let j(s) = -s**2 + 7*s + 7. Suppose -428*n + 447*n = -95. Give j(n).
-53
Let c = -64 - -32. Let x = 34 + c. Let f(y) = -x + 2*y + 2 + 1 + 3. Determine f(-4).
-4
Suppose 14*v - 4*v = 47 + 23. Let o(x) = x - 28. Determine o(v).
-21
Suppose 10*o - 137 + 286 = 129. Let w(s) = 10*s + 11. Give w(o).
-9
Let t(q) = 12*q**3 - 9*q**2 - 6*q. Let k(o) = 17*o**3 - 14*o**2 - 9*o + 1. Let z(c) = 5*k(c) - 7*t(c). Determine z(6).
-49
Let h(q) = 34*q + 37*q + 31*q + q**3 - 4 - 8*q**2 - 97*q + 13. Give h(7).
-5
Let l(n) be the third derivative of -n**5/60 - 7*n**4/24 + n**3/3 - 11*n**2 - 5. Let f(t) = -t**3 + 3*t**2 + 3*t - 2. Let p be f(4). Give l(p).
8
Suppose 2*r + 8 + 0 = h, -4*r = 2*h + 32. Let t be 4/r*6/4. Let p(m) = -9*m**3 + 2*m**2 + 2*m + 1. Determine p(t).
10
Let z(c) = c + 1. Let f be z(2). Let u(d) = -f*d - 6 + 8*d**2 - 27*d**2 + 15*d**2. Let y(h) = -3*h**2 - 3*h - 7. Let n(v) = -6*u(v) + 5*y(v). Calculate n(-2).
31
Let i(x) = 17*x**2 - x - 1. Let b(c) = 8*c**2 - c. Let r(l) = -9*b(l) + 4*i(l). Let t be ((-5)/6*6 + 7)*1. Give r(t).
-10
Let m(v) = -v**3 + 13*v**2 - 31*v + 26. Let x be m(10). Suppose -k - 21*s = -x*s + 23, -3*k = s + 27. Let c(o) = o**2 + 12*o - 9. Calculate c(k).
-41
Let r(x) = 8*x**3 - 43*x**2 + 81*x - 42. Let a(b) = 2*b**3 - 10*b**2 + 19*b - 10. Let t(f) = -17*a(f) + 4*r(f). Calculate t(-1).
1
Let h = 965 + -968. Let i(k) = 32*k + 93. Let q be i(h). Let p(r) be the third derivative of r**4/8 - 2*r**2. Give p(q).
-9
Let u(t) = t**3 + 7*t**2 - 4*t - 7. Let k = 1174 - 1182. Determine u(k).
-39
Suppose 27*q + 648 = 19*q. Let s = 88 + q. Let z(a) = -s*a + 8*a - 1 - 2*a. Calculate z(4).
-5
Let a = 799 - 796. Let v(q) be the second derivative of 0 + 1/3*q**a - 8*q - 1/2*q**2. What is v(2)?
3
Let x(z) = -z**2 + 6*z + 7. Suppose 0 = -26*k + 27*k - 6. Suppose k*n + 8 = 8*n, 5*f - 36 = n. Calculate x(f).
-9
Let v(w) = w + 9. Suppose 0 = -o - i - 6, 3*i + 10 = 1. Let r be 2/o - (-50)/75. Give v(r).
9
Let y(q) = q**2 + 4*q - 1. Suppose -d = 4*l + 1017, 3*l + 4*d = 2*l - 273. Let k = l - -249. Determine y(k).
-1
Suppose 630*f = -518 + 3668. Let t(m) = m**2 + 4*m - 35. What is t(f)?
10
Let c(p) be the second derivative of 9*p**2 - 1/3*p**3 + 1/60*p**5 + 0 + 0*p**4 + 14*p. Let t(d) be the first derivative of c(d). Determine t(2).
2
Let a(b) = -30 + 32 - 3*b - 2*b**2 + 4 + 8*b. Calculate a(-1).
-1
Let f(x) be the first derivative of -1/3*x**3 - 65 + 3*x**2 - 4*x. What is f(5)?
1
Let q(r) = -r**3 + 4*r**2 + 7*r**2 + 159 - 6*r + 10*r - 11*r - 176. Calculate q(10).
13
Let q(j) be the first derivative of -5*j**2/2 - 6*j - 1005. Determine q(5).
-31
Suppose -5*d = 5*l - 30, 22 = 3*l - 3*d - 14. Let s(m) = l*m - 3 - 8*m**2 + 12*m - m**3 + 15 - 18*m. Suppose 2 = b + 10. Give s(b).
-12
Let y(p) = 6*p + 8. Let n(r) = 17*r + 24. Let o be (11 - -1)*14/(-21). Let f(j) = o*y(j) + 3*n(j). Suppose 15*w - 6 = 16*w. Calculate f(w).
-10
Let y(z) be the third derivative of 1/12*z**4 - 1 - 44*z**2 + 0*z - 1/2*z**3 - 1/60*z**5. What is y(2)?
-3
Let s(j) be the third derivative of -j**5/60 + 3*j**4/4 + 29*j**3/6 - 39*j**2. Determine s(20).
-11
Let d(u) = 142*u**2 - 23*u + 26. Let t(f) = -81*f**2 + 12*f - 14. Let w(q) = -4*d(q) - 7*t(q). Calculate w(7).
1
Let j(d) = d**2 - 14*d - 40. Let x(w) = -w**2 + 12*w + 39. Let p(y) = -3*j(y) - 2*x(y). Let b be p(20). Let t(q) = 2*q**3 - 2*q**2 - 2*q + 1. Calculate t(b).
5
Let n(u) = -u**3 - 76*u**2 + 77*u - 3. Let g be 16/6 + 185942/(-2334). Give n(g).
-3
Suppose 0 = 44*s - 40*s + 4*t + 8, -4*s = -5*t - 28. Let k(m) = 10 - s*m + 14*m - 7*m - 6*m. Determine k(0).
10
Let d(j) = j - 8. Let n = 24 + -14. Let t(l) = -10 + 17 - n - 14*l. Let c be t(-1). What is d(c)?
3
Let g = -19216 - -19237. Let q(v) = v**3 - 26*v**2 + 105*v + 9. Calculate q(g).
9
Suppose 2*x + 49 = -3*y, -8*y + 4*y = 5*x + 77. Let k(l) = -2*l + 22. Let z be k(y). Suppose -2*a - 10*a = -z. Let q(p) = 2*p - 5. Calculate q(a).
3
Let t be 180/20 + (-1 - 4). Let i(h) = h**3 - 14. Determine i(t).
50
Let q(p) = -5*p**2 + 49*p + 17. Suppose 5*d - 75*d + 208 = -492. Calculate q(d).
7
Suppose 4*j = -8*j + 3852. Let z = j - 316. Let y(i) = -2*i + 12. What is y(z)?
2
Let w(q) = -q**2 + q + 2. Let h(i) = 28*i - 38. Let f be h(2). Suppose 5*g - 2*v + 2 = 0, -5*g - f = -0*v + 2*v. Determine w(g).
-4
Let l(w) be the first derivative of -w**4/4 + 8*w**3 - 23*w**2/2 + 10*w - 4035. What is l(23)?
10
Let y(j) = -54*j**2 + 1 + 18*j**2 + 8*j**2 + 26*j**2 - 47*j + 49*j. Determine y(2).
-3
Let u be (-21)/(-2)*(537/(-3222))/(2/24). Let h(v) = -v - 6. Give h(u).
15
Let x(a) = -45*a - 6*a + a**2 + 70*a + 36. What is x(-14)?
-34
Let h(x) = -x**3 + 3*x**2 + 29*x - 86. Let c(y) = 349*y + 4194. Let d be c(-12). Determine h(d).
-20
Suppose -2*c + 0 = 2. Suppose l = -5*q - 18, -8 = l + 5*q - 2*q. Let f(g) = -l*g**2 + 15*g**2 - 7*g**2. What is f(c)?
1
Let y(x) be the third derivative of x**5/60 + x**4/3 + 2*x**3/3 + 6*x**2. Let i(s) = -8*s**2 + 86*s - 85. Let n be i(1). Determine y(n).
-3
Suppose -2*o + 4*s - 12 = 0, s - 4*s = -6. Let p = o - -6. Suppose 5*b - 3*a = 17, -3 + 11 = 3*b - p*a. Let n(w) = w**3 - 3*w**2 - 6*w + 4. Give n(b).
-4
Let o(p) be the third derivative of -p**5/60 - 3*p**4/4 - 7*p**3 + 7784*p**2. What is o(-5)?
23
Let f(h) = -18*h - 16. Let j(b) = -84*b - 94. Let q(v) = -41*v - 47. Let n(u) = -4*j(u) + 7*q(u). Let w(o) = 8*f(o) + 3*n(o). Determine w(-3).
4
Suppose x - 4*n = -3*x, 15 = 5*n. Suppose 2 = 3*t - 4*l, 2*t + x*t = l + 9. Let q(g) = -3*g**2 - 6 + 5*g**t + 4*g - 3*g**2 + 13. Give q(5).
2
Let f be 32/(-208) - (-2)/((-52)/(-134)). Let w(b) = 2*b**2 - 10*b - 4. What is w(f)?
-4
Let o(l) be the second derivative of -l**5/20 - 11*l**4/12 - 8*l**3/3 + 23*l**2/2 + 1997*l. Give o(-9).
5
Let u be 53/(-2) - (-5)/30*3. Let b be (-54)/13 + u/(-169). Let g(t) = 79 - 36 - 38 - 3*t. Calculate g(b).
17
Suppose -u + 1 = 2. Let b(d) = 1 + 148*d**2 - 156*d**2 + 55274*d - 55273*d. What is b(u)?
-8
Let c = -4267 + 4258. Let k(w) = -31*w - 281. Determine k(c).
-2
Let f(t) = -20*t**2 + 5*t - 317. Let s(d) = -30*d**2 + 8*d - 475. Let q(r) = 8*f(r) - 5*s(r). Let k(v) be the first derivative of q(v). Calculate k(1).
-20
Let w be 20/28 - (-3036)/(-154). Let q(j) = -2*j - 38. Calculate q(w).
0
Let k(j) = j**3 + 6*j**2 - 4*j + 17. Let g be k(-7). Let t be g*18/24*11/(-3). Let u(b) = 2*b - 13. What is u(t)?
9
Let k = 4807 + -4809. Let i(y) be the third derivative of y**6/120 + y**5/15 + y**4/4 + y**3/3 - y**2. Let p be i(k). Let o(q) = -6*q - 1. What is o(p)?
11
Let l(k) be the third derivative of k**5/60 - 3*k**4/8 + k**3 - 3952*k**2. Let r(m) = 2*m - 3. Let c be r(6). What is l(c)?
6
Let i = 8626 - 8626. Let p(n) be the first derivative of -4*n - 2 + 0*n**2 + 1/3*n**3. What is p(i)?
-4
Let f = 8397 + -8405. Let z(y) = -y**2 - 12*y - 19. Determine z(f).
13
Suppose -20*g + 701 = 29*g + 211. Let n(o) = o**3 - 9*o**2 - 5*o - 6. Determine n(g).
44
Let b(a) be the third derivative of -a**7/315 + a**6/720 + 19*a**5/20 + a**3/6 + 52*a**2 + a. Let g(z) be the third derivative of b(z). Determine g(1).
-15
Let i(a) = 7*a + 22. Let b(n) = 248 + 2*n + n - 2*n - 122 - 121. Let t(r) = 6*b(r) - i(r). What is t(17)?
-9
Let v(f) = -f**3 - 7*f**2 + 9*f + 7. Let i be -85 - (-3)/((-4)/8*2). Let a be i/(-132)*((-11 - 0) + -1). Give v(a).
-1
Suppose -19*p + 10*p - 21*p = 150. Let f(r) be the third derivative of r**4/8 + 3*r**2. Calculate f(p).
-15
Suppose 105*s - 24870 = 75*s. Let n(m) = -2*m + 273 + 277 - s + 277. Give n(7).
-16
Let x(w) = w**3 - 5*w**2 - 4*w + 6. Let m(p) =